{"id":7504,"date":"2025-11-02T22:05:19","date_gmt":"2025-11-02T21:05:19","guid":{"rendered":"https:\/\/www.rainbowchannel.be\/?page_id=7504"},"modified":"2025-11-03T01:54:15","modified_gmt":"2025-11-03T00:54:15","slug":"portes","status":"publish","type":"page","link":"https:\/\/www.rainbowchannel.be\/index.php\/portes\/","title":{"rendered":"Portes"},"content":{"rendered":"\t\t<div data-elementor-type=\"wp-page\" data-elementor-id=\"7504\" class=\"elementor elementor-7504\">\n\t\t\t\t\t\t\t        <section class=\"elementor-section elementor-top-section elementor-element elementor-element-ee88042 elementor-section-boxed elementor-section-height-default elementor-section-height-default\" data-id=\"ee88042\" data-element_type=\"section\">\n            \n                        <div class=\"elementor-container elementor-column-gap-default \">\n                    <div class=\"elementor-column elementor-col-100 elementor-top-column elementor-element elementor-element-995f9ba\" data-id=\"995f9ba\" data-element_type=\"column\">\n            <div class=\"elementor-widget-wrap elementor-element-populated\">\n                                <section class=\"elementor-section elementor-inner-section elementor-element elementor-element-3367c11 elementor-section-content-middle elementor-section-boxed elementor-section-height-default elementor-section-height-default\" data-id=\"3367c11\" data-element_type=\"section\">\n            \n                        <div class=\"elementor-container elementor-column-gap-extended \">\n                    <div class=\"elementor-column elementor-col-100 elementor-inner-column elementor-element elementor-element-a854f17\" data-id=\"a854f17\" data-element_type=\"column\">\n            <div class=\"elementor-widget-wrap elementor-element-populated\">\n                        \t\t<div class=\"elementor-element elementor-element-b404a85 elementor-widget elementor-widget-ct_heading\" data-id=\"b404a85\" data-element_type=\"widget\" data-widget_type=\"ct_heading.default\">\n\t\t\t\t<div class=\"elementor-widget-container\">\n\t\t\t<div class=\"ct-heading h-align- item-st-default\">\n\t\t\t<div class=\"item--sub-title style-divider-top\">\n            <span>\n                PORTES            <\/span>\n        <\/div>\n\t    <h5 class=\"item--title case-animate-time st-default \" data-wow-delay=\"ms\">\n        <span>Sublimez vos int\u00e9rieurs avec notre large gamme de portes et accessoires.<\/span>    <\/h5>\n<\/div>\n\n\t\t<\/div>\n\t\t\t\t<\/div>\n\t\t            <\/div>\n        <\/div>\n                            <\/div>\n        <\/section>\n        \t\t<div class=\"elementor-element elementor-element-c6cd220 elementor-widget-divider--view-line elementor-widget elementor-widget-divider\" data-id=\"c6cd220\" data-element_type=\"widget\" data-widget_type=\"divider.default\">\n\t\t\t\t<div class=\"elementor-widget-container\">\n\t\t\t\t\t<div class=\"elementor-divider\">\n\t\t\t<span class=\"elementor-divider-separator\">\n\t\t\t\t\t\t<\/span>\n\t\t<\/div>\n\t\t\t\t<\/div>\n\t\t\t\t<\/div>\n\t\t            <\/div>\n        <\/div>\n                            <\/div>\n        <\/section>\n                <section class=\"elementor-section elementor-top-section elementor-element elementor-element-f88582a elementor-section-boxed elementor-section-height-default elementor-section-height-default\" data-id=\"f88582a\" data-element_type=\"section\">\n            \n                        <div class=\"elementor-container elementor-column-gap-extended \">\n                    <div class=\"elementor-column elementor-col-50 elementor-top-column elementor-element elementor-element-7958add\" data-id=\"7958add\" data-element_type=\"column\">\n            <div class=\"elementor-widget-wrap elementor-element-populated\">\n                        \t\t<div class=\"elementor-element elementor-element-3bd6710 elementor-widget elementor-widget-ct_image\" data-id=\"3bd6710\" data-element_type=\"widget\" data-widget_type=\"ct_image.default\">\n\t\t\t\t<div class=\"elementor-widget-container\">\n\t\t\t<div class=\"ct-image-single  wow fadeInRight\">\n                        <img width=\"700\" height=\"618\" src=\"https:\/\/www.rainbowchannel.be\/wp-content\/uploads\/2025\/11\/Frabel-door.jpg\" class=\"attachment-full\" alt=\"porte Frabel\" \/>            <\/div>\t\t<\/div>\n\t\t\t\t<\/div>\n\t\t\t\t<div class=\"elementor-element elementor-element-9e1519e elementor-widget elementor-widget-spacer\" data-id=\"9e1519e\" data-element_type=\"widget\" data-widget_type=\"spacer.default\">\n\t\t\t\t<div class=\"elementor-widget-container\">\n\t\t\t\t\t<div class=\"elementor-spacer\">\n\t\t\t<div class=\"elementor-spacer-inner\"><\/div>\n\t\t<\/div>\n\t\t\t\t<\/div>\n\t\t\t\t<\/div>\n\t\t\t\t<div class=\"elementor-element elementor-element-74ba511 elementor-widget elementor-widget-ct_image\" data-id=\"74ba511\" data-element_type=\"widget\" data-widget_type=\"ct_image.default\">\n\t\t\t\t<div class=\"elementor-widget-container\">\n\t\t\t<div class=\"ct-image-single  wow fadeInRight\">\n                        <img width=\"700\" height=\"652\" src=\"https:\/\/www.rainbowchannel.be\/wp-content\/uploads\/2025\/11\/porte-hormann.jpg\" class=\"attachment-full\" alt=\"\" \/>            <\/div>\t\t<\/div>\n\t\t\t\t<\/div>\n\t\t            <\/div>\n        <\/div>\n                <div class=\"elementor-column elementor-col-50 elementor-top-column elementor-element elementor-element-ea11af3\" data-id=\"ea11af3\" data-element_type=\"column\">\n            <div class=\"elementor-widget-wrap elementor-element-populated\">\n                        \t\t<div class=\"elementor-element elementor-element-6c3080f elementor-widget elementor-widget-ct_heading\" data-id=\"6c3080f\" data-element_type=\"widget\" data-widget_type=\"ct_heading.default\">\n\t\t\t\t<div class=\"elementor-widget-container\">\n\t\t\t<div class=\"ct-heading h-align- item-st-default\">\n\t\t\t<div class=\"item--sub-title style-normal\">\n            <span>\n                NOS PORTES INTERIEURES            <\/span>\n        <\/div>\n\t    <h3 class=\"item--title case-animate-time st-default \" data-wow-delay=\"ms\">\n        <span class=\"slide-in-container\"><span class=\"d-inline-block wow case-fade-in-up\">Pour<\/span><\/span> <span class=\"slide-in-container\"><span class=\"d-inline-block wow case-fade-in-up\">tous<\/span><\/span> <span class=\"slide-in-container\"><span class=\"d-inline-block wow case-fade-in-up\">les<\/span><\/span> <span class=\"slide-in-container\"><span class=\"d-inline-block wow case-fade-in-up\">styles<\/span><\/span> <span class=\"slide-in-container\"><span class=\"d-inline-block wow case-fade-in-up\">et<\/span><\/span> <span class=\"slide-in-container\"><span class=\"d-inline-block wow case-fade-in-up\">besoins<\/span><\/span>    <\/h3>\n<\/div>\n\n\t\t<\/div>\n\t\t\t\t<\/div>\n\t\t\t\t<div class=\"elementor-element elementor-element-46513df elementor-widget elementor-widget-ct_text_editor\" data-id=\"46513df\" data-element_type=\"widget\" data-widget_type=\"ct_text_editor.default\">\n\t\t\t\t<div class=\"elementor-widget-container\">\n\t\t\t<div id=\"ct_text_editor-46513df\" class=\"ct-text-editor \" data-wow-delay=\"ms\">\n\t<div class=\"ct-inline-css\"  data-css=\"\n        \t\t\">\n\n    <\/div>\n\t<div class=\"ct-text-editor elementor-clearfix\">\n\t\t<p data-start=\"189\" data-end=\"400\"><strong data-start=\"189\" data-end=\"209\">Portes \u00e0 peindre<\/strong><br data-start=\"209\" data-end=\"212\" \/>\u00c9conomiques et simples, elles sont pr\u00eates \u00e0 personnaliser avec la peinture de votre choix. Faciles \u00e0 embellir avec moulures ou panneaux, elles s\u2019adaptent \u00e0 un style classique ou moderne.<\/p><p data-start=\"402\" data-end=\"564\"><strong data-start=\"402\" data-end=\"421\">Portes plaqu\u00e9es<\/strong><br data-start=\"421\" data-end=\"424\" \/>Recouvertes de bois noble (\u00e9rable, ch\u00eane, h\u00eatre, merisier\u2026), elles offrent diff\u00e9rents profils pour harmoniser le style de votre int\u00e9rieur.<\/p><p data-start=\"566\" data-end=\"726\"><strong data-start=\"566\" data-end=\"585\">Portes massives<\/strong><br data-start=\"585\" data-end=\"588\" \/>Compos\u00e9es enti\u00e8rement de bois (sapin, ch\u00eane, fr\u00eane\u2026), elles existent en mod\u00e8les standards ou sur mesure pour un rendu unique et durable.<\/p><p data-start=\"728\" data-end=\"917\"><strong data-start=\"728\" data-end=\"745\">Portes en PVC<\/strong><br data-start=\"745\" data-end=\"748\" \/>Pratiques et \u00e9conomiques, id\u00e9ales pour les espaces \u00e9troits ou larges. Elles ne n\u00e9cessitent pas de d\u00e9m\u00e9nagement important et s\u2019adaptent aux pi\u00e8ces de toutes dimensions.<\/p><p data-start=\"919\" data-end=\"1139\"><strong data-start=\"919\" data-end=\"938\">Portes en verre<\/strong><br data-start=\"938\" data-end=\"941\" \/>Laissent passer la lumi\u00e8re pour agrandir visuellement vos espaces. Disponibles en sabl\u00e9, translucide, transparent ou martel\u00e9, elles offrent un large \u00e9ventail de finitions, du classique au moderne.<\/p><p data-start=\"1141\" data-end=\"1324\"><strong data-start=\"1141\" data-end=\"1164\">Portes coulissantes<\/strong><br data-start=\"1164\" data-end=\"1167\" \/>Parfaites pour les espaces compacts, elles optimisent la circulation, la luminosit\u00e9 et l\u2019am\u00e9nagement de vos pi\u00e8ces tout en apportant un style contemporain.<\/p>\t\t\n\t<\/div>\n<\/div>\t\t<\/div>\n\t\t\t\t<\/div>\n\t\t            <\/div>\n        <\/div>\n                            <\/div>\n        <\/section>\n                <section class=\"elementor-section elementor-top-section elementor-element elementor-element-7f9cb09 elementor-section-boxed elementor-section-height-default elementor-section-height-default\" data-id=\"7f9cb09\" data-element_type=\"section\">\n            \n                        <div class=\"elementor-container elementor-column-gap-default \">\n                    <div class=\"elementor-column elementor-col-100 elementor-top-column elementor-element elementor-element-907495b\" data-id=\"907495b\" data-element_type=\"column\">\n            <div class=\"elementor-widget-wrap elementor-element-populated\">\n                        \t\t<div class=\"elementor-element elementor-element-7490588 elementor-widget elementor-widget-ct_text_editor\" data-id=\"7490588\" data-element_type=\"widget\" data-widget_type=\"ct_text_editor.default\">\n\t\t\t\t<div class=\"elementor-widget-container\">\n\t\t\t<div id=\"ct_text_editor-7490588\" class=\"ct-text-editor \" data-wow-delay=\"ms\">\n\t<div class=\"ct-inline-css\"  data-css=\"\n        \t\t\">\n\n    <\/div>\n\t<div class=\"ct-text-editor elementor-clearfix\">\n\t\t<p data-start=\"189\" data-end=\"400\"><strong data-start=\"189\" data-end=\"209\">Accessoires pour portes int\u00e9rieures<\/strong><br data-start=\"209\" data-end=\"212\" \/>D\u00e9couvrez notre large gamme de quincaillerie pour portes : charni\u00e8res, rosaces, b\u00e9quilles, plaques d\u2019habillage\u2026 disponibles en aluminium, laiton ou inox, et parfaitement assortis \u00e0 vos finitions.<\/p>\t\t\n\t<\/div>\n<\/div>\t\t<\/div>\n\t\t\t\t<\/div>\n\t\t            <\/div>\n        <\/div>\n                            <\/div>\n        <\/section>\n                <section class=\"elementor-section elementor-top-section elementor-element elementor-element-9e795ad elementor-section-boxed elementor-section-height-default elementor-section-height-default\" data-id=\"9e795ad\" data-element_type=\"section\">\n            \n                        <div class=\"elementor-container elementor-column-gap-default \">\n                    <div class=\"elementor-column elementor-col-100 elementor-top-column elementor-element elementor-element-11f63ee\" data-id=\"11f63ee\" data-element_type=\"column\">\n            <div class=\"elementor-widget-wrap elementor-element-populated\">\n                        \t\t<div class=\"elementor-element elementor-element-7080e43 elementor-widget elementor-widget-spacer\" data-id=\"7080e43\" data-element_type=\"widget\" data-widget_type=\"spacer.default\">\n\t\t\t\t<div class=\"elementor-widget-container\">\n\t\t\t\t\t<div class=\"elementor-spacer\">\n\t\t\t<div class=\"elementor-spacer-inner\"><\/div>\n\t\t<\/div>\n\t\t\t\t<\/div>\n\t\t\t\t<\/div>\n\t\t\t\t<div class=\"elementor-element elementor-element-48ab186 elementor-widget elementor-widget-ct_heading\" data-id=\"48ab186\" data-element_type=\"widget\" data-widget_type=\"ct_heading.default\">\n\t\t\t\t<div class=\"elementor-widget-container\">\n\t\t\t<div class=\"ct-heading h-align-left item-st-default\">\n\t\t\t<div class=\"item--sub-title style-default\">\n            <span>\n                Vous souhaitez voir nos portes avant de choisir?            <\/span>\n        <\/div>\n\t    <h3 class=\"item--title case-animate-time st-default \" data-wow-delay=\"ms\">\n        <span class=\"slide-in-container\"><span class=\"d-inline-block wow case-fade-in-up\">Rendez-vous<\/span><\/span> <span class=\"slide-in-container\"><span class=\"d-inline-block wow case-fade-in-up\">en<\/span><\/span> <span class=\"slide-in-container\"><span class=\"d-inline-block wow case-fade-in-up\">magasin,<\/span><\/span> <span class=\"slide-in-container\"><span class=\"d-inline-block wow case-fade-in-up\">vous<\/span><\/span> <span class=\"slide-in-container\"><span class=\"d-inline-block wow case-fade-in-up\">y<\/span><\/span> <span class=\"slide-in-container\"><span class=\"d-inline-block wow case-fade-in-up\">trouverez<\/span><\/span> <span class=\"slide-in-container\"><span class=\"d-inline-block wow case-fade-in-up\">un<\/span><\/span> <span class=\"slide-in-container\"><span class=\"d-inline-block wow case-fade-in-up\">espace<\/span><\/span> <span class=\"slide-in-container\"><span class=\"d-inline-block wow case-fade-in-up\">d'exposition<\/span><\/span> <span class=\"slide-in-container\"><span class=\"d-inline-block wow case-fade-in-up\">d\u00e9di\u00e9<\/span><\/span> <span class=\"slide-in-container\"><span class=\"d-inline-block wow case-fade-in-up\">afin<\/span><\/span> <span class=\"slide-in-container\"><span class=\"d-inline-block wow case-fade-in-up\">de<\/span><\/span> <span class=\"slide-in-container\"><span class=\"d-inline-block wow case-fade-in-up\">vous<\/span><\/span> <span class=\"slide-in-container\"><span class=\"d-inline-block wow case-fade-in-up\">guider<\/span><\/span> <span class=\"slide-in-container\"><span class=\"d-inline-block wow case-fade-in-up\">dans<\/span><\/span> <span class=\"slide-in-container\"><span class=\"d-inline-block wow case-fade-in-up\">votre<\/span><\/span> <span class=\"slide-in-container\"><span class=\"d-inline-block wow case-fade-in-up\">choix.<\/span><\/span> <span class=\"slide-in-container\"><span class=\"d-inline-block wow case-fade-in-up\"><\/span><\/span>    <\/h3>\n<\/div>\n\n\t\t<\/div>\n\t\t\t\t<\/div>\n\t\t            <\/div>\n        <\/div>\n                            <\/div>\n        <\/section>\n        \t\t\t\t\t<\/div>\n\t\t","protected":false},"excerpt":{"rendered":"<p>PORTES Sublimez vos int\u00e9rieurs avec notre large gamme de portes et accessoires. NOS PORTES INTERIEURES Pour tous les styles et besoins Portes \u00e0 peindre\u00c9conomiques et simples, elles sont pr\u00eates \u00e0 personnaliser avec la peinture de votre choix. Faciles \u00e0 embellir avec moulures ou panneaux, elles s\u2019adaptent \u00e0 un style classique ou moderne. Portes plaqu\u00e9esRecouvertes de [&hellip;]<\/p>\n","protected":false},"author":1,"featured_media":0,"parent":0,"menu_order":0,"comment_status":"closed","ping_status":"closed","template":"","meta":[],"_links":{"self":[{"href":"https:\/\/www.rainbowchannel.be\/index.php\/wp-json\/wp\/v2\/pages\/7504"}],"collection":[{"href":"https:\/\/www.rainbowchannel.be\/index.php\/wp-json\/wp\/v2\/pages"}],"about":[{"href":"https:\/\/www.rainbowchannel.be\/index.php\/wp-json\/wp\/v2\/types\/page"}],"author":[{"embeddable":true,"href":"https:\/\/www.rainbowchannel.be\/index.php\/wp-json\/wp\/v2\/users\/1"}],"replies":[{"embeddable":true,"href":"https:\/\/www.rainbowchannel.be\/index.php\/wp-json\/wp\/v2\/comments?post=7504"}],"version-history":[{"count":8,"href":"https:\/\/www.rainbowchannel.be\/index.php\/wp-json\/wp\/v2\/pages\/7504\/revisions"}],"predecessor-version":[{"id":7516,"href":"https:\/\/www.rainbowchannel.be\/index.php\/wp-json\/wp\/v2\/pages\/7504\/revisions\/7516"}],"wp:attachment":[{"href":"https:\/\/www.rainbowchannel.be\/index.php\/wp-json\/wp\/v2\/media?parent=7504"}],"curies":[{"name":"wp","href":"https:\/\/api.w.org\/{rel}","templated":true}]}}