{"id":7493,"date":"2025-11-02T21:47:04","date_gmt":"2025-11-02T20:47:04","guid":{"rendered":"https:\/\/www.rainbowchannel.be\/?page_id=7493"},"modified":"2025-11-03T01:53:51","modified_gmt":"2025-11-03T00:53:51","slug":"parquets","status":"publish","type":"page","link":"https:\/\/www.rainbowchannel.be\/index.php\/parquets\/","title":{"rendered":"Parquets"},"content":{"rendered":"\t\t<div data-elementor-type=\"wp-page\" data-elementor-id=\"7493\" class=\"elementor elementor-7493\">\n\t\t\t\t\t\t\t        <section class=\"elementor-section elementor-top-section elementor-element elementor-element-ee88042 elementor-section-boxed elementor-section-height-default elementor-section-height-default\" data-id=\"ee88042\" data-element_type=\"section\">\n            \n                        <div class=\"elementor-container elementor-column-gap-default \">\n                    <div class=\"elementor-column elementor-col-100 elementor-top-column elementor-element elementor-element-995f9ba\" data-id=\"995f9ba\" data-element_type=\"column\">\n            <div class=\"elementor-widget-wrap elementor-element-populated\">\n                                <section class=\"elementor-section elementor-inner-section elementor-element elementor-element-3367c11 elementor-section-content-middle elementor-section-boxed elementor-section-height-default elementor-section-height-default\" data-id=\"3367c11\" data-element_type=\"section\">\n            \n                        <div class=\"elementor-container elementor-column-gap-extended \">\n                    <div class=\"elementor-column elementor-col-100 elementor-inner-column elementor-element elementor-element-a854f17\" data-id=\"a854f17\" data-element_type=\"column\">\n            <div class=\"elementor-widget-wrap elementor-element-populated\">\n                        \t\t<div class=\"elementor-element elementor-element-b404a85 elementor-widget elementor-widget-ct_heading\" data-id=\"b404a85\" data-element_type=\"widget\" data-widget_type=\"ct_heading.default\">\n\t\t\t\t<div class=\"elementor-widget-container\">\n\t\t\t<div class=\"ct-heading h-align- item-st-default\">\n\t\t\t<div class=\"item--sub-title style-divider-top\">\n            <span>\n                PARQUETS            <\/span>\n        <\/div>\n\t    <h5 class=\"item--title case-animate-time st-default \" data-wow-delay=\"ms\">\n        <span>Choisir du parquet comme rev\u00eatement de sol conf\u00e8re \u00e0 votre int\u00e9rieur \u00e0 la fois style, \u00e9l\u00e9gance et confort.<\/span>    <\/h5>\n<\/div>\n\n\t\t<\/div>\n\t\t\t\t<\/div>\n\t\t            <\/div>\n        <\/div>\n                            <\/div>\n        <\/section>\n        \t\t<div class=\"elementor-element elementor-element-c6cd220 elementor-widget-divider--view-line elementor-widget elementor-widget-divider\" data-id=\"c6cd220\" data-element_type=\"widget\" data-widget_type=\"divider.default\">\n\t\t\t\t<div class=\"elementor-widget-container\">\n\t\t\t\t\t<div class=\"elementor-divider\">\n\t\t\t<span class=\"elementor-divider-separator\">\n\t\t\t\t\t\t<\/span>\n\t\t<\/div>\n\t\t\t\t<\/div>\n\t\t\t\t<\/div>\n\t\t            <\/div>\n        <\/div>\n                            <\/div>\n        <\/section>\n                <section class=\"elementor-section elementor-top-section elementor-element elementor-element-f88582a elementor-section-boxed elementor-section-height-default elementor-section-height-default\" data-id=\"f88582a\" data-element_type=\"section\">\n            \n                        <div class=\"elementor-container elementor-column-gap-extended \">\n                    <div class=\"elementor-column elementor-col-50 elementor-top-column elementor-element elementor-element-ea11af3\" data-id=\"ea11af3\" data-element_type=\"column\">\n            <div class=\"elementor-widget-wrap elementor-element-populated\">\n                        \t\t<div class=\"elementor-element elementor-element-6c3080f elementor-widget elementor-widget-ct_heading\" data-id=\"6c3080f\" data-element_type=\"widget\" data-widget_type=\"ct_heading.default\">\n\t\t\t\t<div class=\"elementor-widget-container\">\n\t\t\t<div class=\"ct-heading h-align- item-st-default\">\n\t\t\t<div class=\"item--sub-title style-normal\">\n            <span>\n                Nos solutions de rev\u00eatements de sol            <\/span>\n        <\/div>\n\t    <h3 class=\"item--title case-animate-time st-default \" data-wow-delay=\"ms\">\n        <span class=\"slide-in-container\"><span class=\"d-inline-block wow case-fade-in-up\">Un<\/span><\/span> <span class=\"slide-in-container\"><span class=\"d-inline-block wow case-fade-in-up\">large<\/span><\/span> <span class=\"slide-in-container\"><span class=\"d-inline-block wow case-fade-in-up\">choix<\/span><\/span> <span class=\"slide-in-container\"><span class=\"d-inline-block wow case-fade-in-up\">disponible<\/span><\/span> <span class=\"slide-in-container\"><span class=\"d-inline-block wow case-fade-in-up\">en<\/span><\/span> <span class=\"slide-in-container\"><span class=\"d-inline-block wow case-fade-in-up\">magasin<\/span><\/span>    <\/h3>\n<\/div>\n\n\t\t<\/div>\n\t\t\t\t<\/div>\n\t\t\t\t<div class=\"elementor-element elementor-element-46513df elementor-widget elementor-widget-ct_text_editor\" data-id=\"46513df\" data-element_type=\"widget\" data-widget_type=\"ct_text_editor.default\">\n\t\t\t\t<div class=\"elementor-widget-container\">\n\t\t\t<div id=\"ct_text_editor-46513df\" class=\"ct-text-editor \" data-wow-delay=\"ms\">\n\t<div class=\"ct-inline-css\"  data-css=\"\n        \t\t\">\n\n    <\/div>\n\t<div class=\"ct-text-editor elementor-clearfix\">\n\t\t<p data-start=\"154\" data-end=\"407\"><strong data-start=\"154\" data-end=\"177\">Parquets stratifi\u00e9s<\/strong><br data-start=\"177\" data-end=\"180\" \/>Pratiques, \u00e9conomiques et esth\u00e9tiques, les stratifi\u00e9s reproduisent fid\u00e8lement le bois ou d\u2019autres mat\u00e9riaux naturels. Faciles \u00e0 poser, certains mod\u00e8les se clipsent sans colle pour une installation rapide et un d\u00e9montage ais\u00e9.<\/p><p data-start=\"409\" data-end=\"687\"><strong data-start=\"409\" data-end=\"450\">Parquets contrecoll\u00e9s et semi-massifs<\/strong><br data-start=\"450\" data-end=\"453\" \/>Compos\u00e9s de trois couches (contrebalancement, \u00e2me et couche d\u2019usure en bois noble), ces parquets offrent stabilit\u00e9 et durabilit\u00e9. Disponibles dans diff\u00e9rents styles et poses (fran\u00e7aise, anglaise), ils s\u2019adaptent \u00e0 toutes les pi\u00e8ces.<\/p><p data-start=\"689\" data-end=\"917\"><strong data-start=\"689\" data-end=\"709\">Parquets massifs<\/strong><br data-start=\"709\" data-end=\"712\" \/>100\u202f% bois noble, le parquet massif assure authenticit\u00e9, long\u00e9vit\u00e9 et facilit\u00e9 d\u2019entretien. Il se d\u00e9cline en plancher, mosa\u00efque ou rainur\u00e9-languet\u00e9, et peut \u00eatre livr\u00e9 brut ou fini selon vos pr\u00e9f\u00e9rences.<\/p><p data-start=\"919\" data-end=\"1170\"><strong data-start=\"919\" data-end=\"937\">Sols en vinyle<\/strong><br data-start=\"937\" data-end=\"940\" \/>\u00c9l\u00e9gants et pratiques, les sols vinyle reproduisent bois ou pierre avec r\u00e9sistance \u00e0 l\u2019humidit\u00e9, aux rayures et r\u00e9duction du bruit. Fins et compatibles avec le chauffage au sol, ils se posent facilement sur un ancien rev\u00eatement.<\/p><p data-start=\"919\" data-end=\"1170\"><span style=\"font-weight: bolder\" data-start=\"919\" data-end=\"937\">Outillage et accessoires<\/span><br data-start=\"937\" data-end=\"940\" \/>Chez Lecmat, nous vous proposons \u00e9galement tout le n\u00e9cessaire pour placer et poser vos parquets : cales, marteaux, ainsi qu\u2019un large choix de plinthes, contre-plinthes, seuils, rosaces, nez de marche et profils de jonction ou d\u2019adaptation.<\/p>\t\t\n\t<\/div>\n<\/div>\t\t<\/div>\n\t\t\t\t<\/div>\n\t\t            <\/div>\n        <\/div>\n                <div class=\"elementor-column elementor-col-50 elementor-top-column elementor-element elementor-element-7958add\" data-id=\"7958add\" data-element_type=\"column\">\n            <div class=\"elementor-widget-wrap elementor-element-populated\">\n                        \t\t<div class=\"elementor-element elementor-element-3bd6710 elementor-widget elementor-widget-ct_image\" data-id=\"3bd6710\" data-element_type=\"widget\" data-widget_type=\"ct_image.default\">\n\t\t\t\t<div class=\"elementor-widget-container\">\n\t\t\t<div class=\"ct-image-single  wow fadeInRight\">\n                        <img width=\"450\" height=\"786\" src=\"https:\/\/www.rainbowchannel.be\/wp-content\/uploads\/2025\/11\/parquet-pose.jpg\" class=\"attachment-full\" alt=\"Parquet\" \/>            <\/div>\t\t<\/div>\n\t\t\t\t<\/div>\n\t\t            <\/div>\n        <\/div>\n                            <\/div>\n        <\/section>\n        \t\t\t\t\t<\/div>\n\t\t","protected":false},"excerpt":{"rendered":"<p>PARQUETS Choisir du parquet comme rev\u00eatement de sol conf\u00e8re \u00e0 votre int\u00e9rieur \u00e0 la fois style, \u00e9l\u00e9gance et confort. Nos solutions de rev\u00eatements de sol Un large choix disponible en magasin Parquets stratifi\u00e9sPratiques, \u00e9conomiques et esth\u00e9tiques, les stratifi\u00e9s reproduisent fid\u00e8lement le bois ou d\u2019autres mat\u00e9riaux naturels. Faciles \u00e0 poser, certains mod\u00e8les se clipsent sans colle [&hellip;]<\/p>\n","protected":false},"author":1,"featured_media":0,"parent":0,"menu_order":0,"comment_status":"closed","ping_status":"closed","template":"","meta":[],"_links":{"self":[{"href":"https:\/\/www.rainbowchannel.be\/index.php\/wp-json\/wp\/v2\/pages\/7493"}],"collection":[{"href":"https:\/\/www.rainbowchannel.be\/index.php\/wp-json\/wp\/v2\/pages"}],"about":[{"href":"https:\/\/www.rainbowchannel.be\/index.php\/wp-json\/wp\/v2\/types\/page"}],"author":[{"embeddable":true,"href":"https:\/\/www.rainbowchannel.be\/index.php\/wp-json\/wp\/v2\/users\/1"}],"replies":[{"embeddable":true,"href":"https:\/\/www.rainbowchannel.be\/index.php\/wp-json\/wp\/v2\/comments?post=7493"}],"version-history":[{"count":8,"href":"https:\/\/www.rainbowchannel.be\/index.php\/wp-json\/wp\/v2\/pages\/7493\/revisions"}],"predecessor-version":[{"id":7503,"href":"https:\/\/www.rainbowchannel.be\/index.php\/wp-json\/wp\/v2\/pages\/7493\/revisions\/7503"}],"wp:attachment":[{"href":"https:\/\/www.rainbowchannel.be\/index.php\/wp-json\/wp\/v2\/media?parent=7493"}],"curies":[{"name":"wp","href":"https:\/\/api.w.org\/{rel}","templated":true}]}}